- 14*r + 24. What is i(4)?
64
Let l(v) = v**2 - 701*v - 3536. Calculate l(-5).
-6
Let d(n) = 68*n + 549. Calculate d(-8).
5
Let g(c) = 202*c - 3084. Give g(15).
-54
Let s(y) = 32*y + 1227. Give s(-38).
11
Let u(d) = -d**2 + 9*d + 1950. Determine u(-40).
-10
Let p(n) = 16*n**2 - 177*n + 65. Determine p(11).
54
Let x(q) = -142*q - 32084. Calculate x(-226).
8
Let h(b) = -b**2 - 3*b - 4. Give h(7).
-74
Let j(y) = 4*y**2 - 1286*y + 2577. What is j(2)?
21
Let a(d) = 141*d - 2347. Give a(16).
-91
Let k(b) = -b**3 + 6*b**2 + 131*b + 22. What is k(-9)?
58
Let p(y) = -58*y - 1354. Determine p(-21).
-136
Let h(z) = 153*z - 7820. Determine h(51).
-17
Let a(p) = 19*p**3 - 66*p**2 + 2*p + 9. Determine a(4).
177
Let a(t) = 795*t**3 - 7*t + 5. Calculate a(1).
793
Let o(t) = 2*t**2 + 17*t - 757. What is o(16)?
27
Let n(g) = -3*g**2 - 82*g + 37. Calculate n(-28).
-19
Let k(a) = -5*a**3 - 194*a**2 - 151*a + 63. Determine k(-38).
25
Let t(l) = -10*l**2 - 4*l + 20. Give t(-4).
-124
Let f(o) = -83*o + 1827. Give f(22).
1
Let f(q) = 3*q**3 + 71*q**2 + 44*q - 31. What is f(-23)?
15
Let a(g) = -165*g - 13. What is a(-1)?
152
Let h(q) = -q**2 + 175*q - 7515. What is h(98)?
31
Let j(o) = -98*o**2 - 796*o - 97. Determine j(-8).
-1
Let t(b) = 434*b - 9613. Give t(22).
-65
Let a(p) = 10*p - 2880. Determine a(287).
-10
Let y(r) = -2*r**2 - 482*r + 28427. Calculate y(49).
7
Let g(t) = 2*t**3 - 129*t**2 + 64*t - 25. Determine g(64).
-25
Let y(u) = -122*u**3 - u**2 - 5*u - 2. What is y(-1)?
124
Let i(d) = -d**3 - 20*d**2 - 38*d - 8. What is i(-18)?
28
Let f(h) = -18*h - 332. Calculate f(-18).
-8
Let b(c) = -180*c - 1796. Give b(-10).
4
Let n(m) = -m**2 - 21*m - 95. Calculate n(-25).
-195
Let m(h) = -24*h**2 + 9*h + 7. Give m(1).
-8
Let j(w) = w**2 - 35*w + 227. What is j(7)?
31
Let w(z) = -z**2 - 18*z - 96. Calculate w(-18).
-96
Let k(m) = 180*m**3 + 2*m**2. Calculate k(1).
182
Let i(g) = -7*g**2 + 84*g - 137. Calculate i(2).
3
Let s(z) = -25*z**3 - 171*z**2 + 30*z + 14. Determine s(-7).
0
Let s(c) = 67*c - 534. What is s(5)?
-199
Let z(u) = -34*u - 1451. What is z(-17)?
-873
Let o(y) = 3*y**2 - 302*y + 2987. Give o(11).
28
Let w(j) = -5*j**3 - 8*j**2 + 372*j + 739. Give w(-2).
3
Let s(c) = -2*c**2 + 27*c + 79. What is s(16)?
-1
Let f(m) = m**3 - 35*m**2 - 751*m + 62. What is f(50)?
12
Let w(g) = -2*g**2 + 27*g + 548. What is w(-15)?
-307
Let a(o) = 14*o + 1819. What is a(-125)?
69
Let o(z) = -6*z**3 - 8*z**2 + 28*z + 1. Determine o(2).
-23
Let g(t) = -t**3 + 11*t**2 + 28*t - 48. Calculate g(13).
-22
Let f(y) = y**2 + 41*y + 44. Determine f(-40).
4
Let n(u) = -u**2 - 239*u + 1465. Determine n(6).
-5
Let l(f) = -2*f**2 + 28*f - 43. Determine l(13).
-17
Let a(d) = d**3 - 7*d**2 - 17*d - 19. Calculate a(8).
-91
Let u(r) = -64*r - 242. What is u(-3)?
-50
Let b(p) = -65*p**2 - 2*p. Give b(-1).
-63
Let g(d) = -d**2 - 175*d + 2064. Determine g(11).
18
Let u(p) = -p**3 + 9*p**2 - 7*p - 6. Determine u(8).
2
Let g(u) = -45*u**2 - 61*u + 56. Give g(1).
-50
Let t(s) = s**3 + 48*s**2 + 70*s - 1224. Determine t(-46).
-212
Let p(j) = 10*j**2 - 234*j + 1160. Give p(7).
12
Let v(g) = 150*g + 590. What is v(-4)?
-10
Let f(l) = l**3 + 34*l**2 + 54*l - 116. Calculate f(-32).
204
Let t(n) = 93*n - 713. Determine t(9).
124
Let s(r) = 307*r + 583. What is s(-3)?
-338
Let x(n) = 36*n**2 - 242*n + 77. Give x(6).
-79
Let k(t) = 4*t**3 + 5*t**2 + 26*t + 56. Give k(-3).
-85
Let l(z) = -71*z - 4511. Calculate l(-64).
33
Let k(t) = 37*t**2 - t - 26. Determine k(0).
-26
Let n(i) = -4*i**3 - 44*i**2 + 177*i + 131. Calculate n(-14).
5
Let v(o) = o**3 + 3*o**2 - 34*o + 44. Calculate v(-8).
-4
Let t(g) = -g**2 + 2086*g - 6265. Determine t(3).
-16
Let l(s) = -42*s - 531. Calculate l(2).
-615
Let k(n) = -8*n**3 + 2*n**2 + 29*n + 58. Give k(-2).
72
Let t(l) = -16*l + 831. What is t(33)?
303
Let g(d) = d**2 + 14*d + 45. Calculate g(-10).
5
Let n(k) = -k**2 - 245*k + 9170. Calculate n(33).
-4
Let g(x) = -1906*x - 32376. Calculate g(-17).
26
Let s(p) = p**2 + 616*p - 3112. Calculate s(5).
-7
Let w(t) = 2*t**3 - 7*t**2 - 9*t - 2. Give w(5).
28
Let m(s) = 7*s**2 - 52*s + 29. Calculate m(9).
128
Let y(m) = m**3 - 23*m**2 - 204*m + 8. What is y(-7)?
-34
Let x(j) = -880*j - 5286. What is x(-6)?
-6
Let a(h) = -2*h**2 + 62*h - 13. Give a(30).
47
Let p(q) = 2*q**2 - 120*q + 189. Calculate p(51).
-729
Let g(v) = 46*v - 1574. What is g(34)?
-10
Let h(q) = -35*q + 646. Calculate h(14).
156
Let g(x) = -3*x**2 - 24*x + 63. What is g(4)?
-81
Let w(f) = -f**3 - 33*f**2 - 124*f - 286. Give w(-29).
-54
Let s(f) = -293*f + 537. What is s(2)?
-49
Let t(w) = 6*w**2 - 80*w + 314. Calculate t(9).
80
Let v(r) = 120*r**2 - 2526*r + 112. Calculate v(21).
-14
Let w(t) = t**3 - 60*t**2 + 58*t + 129. Give w(59).
70
Let n(y) = -y**2 - 154*y + 1287. Determine n(8).
-9
Let l(o) = o**2 - 189*o - 723. What is l(-4)?
49
Let t(u) = 7*u**2 + 81*u - 589. What is t(5)?
-9
Let i(f) = -3*f**3 + 17*f**2 - 85*f + 178. Determine i(3).
-5
Let d(n) = -14*n**2 + 737*n + 8126. Determine d(62).
4
Let z(c) = -61*c + 5722. What is z(94)?
-12
Let l(o) = -297*o - 43067. Calculate l(-145).
-2
Let a(l) = -l**3 - 11*l**2 + 2*l - 34. Calculate a(-11).
-56
Let o(s) = -59*s - 3215. What is o(-60)?
325
Let y(n) = 107*n + 2347. What is y(-22)?
-7
Let s(z) = -4*z**2 - 138*z + 69. Give s(-35).
-1
Let f(d) = d**2 + 22*d - 120. Determine f(-22).
-120
Let t(y) = -127*y - 3694. What is t(-29)?
-11
Let m(b) = 72*b**2 - 10*b + 11. Calculate m(1).
73
Let k(g) = -2*g**2 - 34*g + 4466. Determine k(40).
-94
Let w(k) = -641*k + 3191. What is w(5)?
-14
Let n(z) = 5*z**2 - 214*z - 250. What is n(44)?
14
Let u(k) = 224*k**2 + k. What is u(1)?
225
Let f(x) = 5*x**2 - 16*x - 39. Calculate f(-2).
13
Let p(k) = -71*k - 700. Give p(-8).
-132
Let h(c) = 8*c - 202. Determine h(37).
94
Let j(h) = h**2 - 45*h - 281. What is j(52)?
83
Let z(i) = 180*i - 552. Give z(3).
-12
Let a(w) = w**3 - w**2 - 13*w - 51. Determine a(0).
-51
Let q(o) = -2*o**2 - 6*o + 74. Give q(-11).
-102
Let d(j) = -45*j**2 + 6*j + 7. Determine d(-1).
-44
Let n(r) = -3*r**2 - 107*r - 271. Determine n(-33).
-7
Let d(j) = 2*j**2 + 94*j + 863. Calculate d(-9).
179
Let n(d) = -82*d**2 + 20*d + 27. Determine n(-1).
-75
Let f(r) = -10*r**2 - 206*r - 61. Calculate f(-20).
59
Let i(b) = -b**2 + 5*b - 6. Give i(-3).
-30
Let i(w) = -5*w**3 - w**2 + 5. Calculate i(2).
-39
Let b(j) = -j**3 + 33*j**2 - 154*j + 388. Calculate b(28).
-4
Let w(f) = 89*f + 544. Give w(-6).
10
Let h(f) = -29*f + 407. Determine h(12).
59
Let r(l) = 354*l + 8511. What is r(-24)?
15
Let w(z) = -3*z**2 - 190*z + 16982. What is w(50)?
-18
Let y(u) = 8*u**3 + 6*u**2 - 3*u - 23. Determine y(-3).
-176
Let u(c) = c**2 + 23*c - 743. Give u(-39).
-119
Let t(m) = 10*m + 78. What is t(-24)?
-162
Let v(z) = -436*z - 1694. Determine v(-4).
50
Let i(u) = -u**3 - 2*u**2 + 2*u - 384. Determine i(0).
-384
Let r(m) = 11*m**2 - 166*m + 151. Determine r(14).
-17
Let t(n) = -5*n - 143. Calculate t(-28).
-3
Let k(n) = -236*n - 6144. Determine k(-26).
-8
Let c(l) = -46*l + 3430. Calculate c(75).
-20
Let w(n) = -n**2 + 32*n - 260. Give w(11).
-29
Let v(z) = -5*z**2 + 914*z - 910. Calculate v(1).
-1
Let u(q) = -9*q**2 - 177*q - 177. What is u(-1)?
-9
Let q(h) = -432*h + 490. Calculate q(1).
58
Let w(s) = 23*s**2 - 642*s - 55. Calculate w(28).
1
Let n(w) = 5*w**3 + 126*w**2 + 40*w + 391. Calculate n(-25).
16
Let s(b) = -137*b - 276. Determine s(-3).
135
Let x(r) = -4*r + 41. Give x(16).
-23
Let i(r) = -5518*r - 303484. What is i(-55)?
6
Let k(z) = -21*z - 130. Calculate k(5).
-235
Let b(w) = 4*w + 113. What is b(-6)?
89
Let p(a) = a**2 - 62*a + 479. What is p(53)?
2
Let h(y) = y**3 + 33*y**2 + 36*y + 89. What is h(-32)?
-39
Let c(a) = -a**3 - 15*a**2 - 6*a - 44. What is c(-15)?
46
Let n(l) = 9*l**2 - 45*l - 108. What is n(7)?
18
Let w(g) = 19*g**2 - 197*g + 68. What is w(10)?
-2
Let l(k) = 3362*k**2 - 3368*k + 1. Give l(1).
-5
Let w(j) = j**3 - 10*j**2 + 27*j - 1. Calculate w(6).
17
Let q(g) = -7*g**2 + 55*g - 19. Calculate q(7).
23
Let o(p) = -63*p + 17. Calculate o(1).
-46
Let s(v) = -28*v + 59. Determine s(-12).
395
Let s(h) = -2*h**2 + 9*h + 865. Give s(23).
14
Let n(y) = -10*y**2 + 219*y + 1363. What is n(-5)?
18
Let j(x) = -818*x - 1642. Calculate j(-2).
-6
Let w(v) = -v**2 + 29*v